{"id":944,"date":"2023-11-10T16:22:48","date_gmt":"2023-11-10T09:22:48","guid":{"rendered":"http:\/\/localhost\/demohanviet\/demo1\/?post_type=product&#038;p=944"},"modified":"2024-11-14T12:01:09","modified_gmt":"2024-11-14T05:01:09","slug":"he-thong-do-tim-tan-xa-nguoc-cam-tay-mini-z","status":"publish","type":"product","link":"http:\/\/hanviet.com.vn\/?product=he-thong-do-tim-tan-xa-nguoc-cam-tay-mini-z","title":{"rendered":"H\u1ec6 TH\u1ed0NG D\u00d2 T\u00ccM T\u00c1N X\u1ea0 NG\u01af\u1ee2C C\u1ea6M TAY MINI-Z"},"content":{"rendered":"<table style=\"border-collapse: collapse; width: 100%;\">\n<tbody>\n<tr>\n<td style=\"width: 50%;\">\n<h3 style=\"text-align: left;\"><strong><span style=\"color: #0000ff;\">C\u00c1C T\u00cdNH N\u0102NG V\u00c0 L\u1ee2I \u00cdCH CH\u00cdNH<\/span><\/strong><\/h3>\n<p><span style=\"color: #000000;\">\u2022 H\u1ec7 th\u1ed1ng ch\u1ee5p \u1ea3nh t\u00e1n x\u1ea1 ng\u01b0\u1ee3c di \u0111\u1ed9ng HANDHELD Z BACKSCATTER<\/span><br \/>\n<span style=\"color: #000000;\">\u2022 D\u1ec5 s\u1eed d\u1ee5ng<\/span><br \/>\n<span style=\"color: #000000;\">\u2022 An to\u00e0n cho ng\u01b0\u1eddi v\u1eadn h\u00e0nh, c\u00f4ng ch\u00fang v\u00e0 m\u00f4i tr\u01b0\u1eddng.<\/span><\/p>\n<p>&nbsp;<\/p>\n<p>&nbsp;<\/p>\n<p>&nbsp;<\/p>\n<p>&nbsp;<\/p>\n<p>&nbsp;<\/p>\n<p>&nbsp;<\/td>\n<td style=\"width: 50%;\"><img decoding=\"async\" class=\"alignnone size-medium wp-image-969\" src=\"http:\/\/localhost\/demohanviet\/demo1\/wp-content\/uploads\/2023\/11\/RapASE-MINI-Z-DS-VN-1024x667.jpg\" alt=\"\" width=\"1024\" height=\"667\" srcset=\"http:\/\/hanviet.com.vn\/wp-content\/uploads\/2023\/11\/RapASE-MINI-Z-DS-VN-1024x667.jpg 1024w, http:\/\/hanviet.com.vn\/wp-content\/uploads\/2023\/11\/RapASE-MINI-Z-DS-VN-500x326.jpg 500w, http:\/\/hanviet.com.vn\/wp-content\/uploads\/2023\/11\/RapASE-MINI-Z-DS-VN-768x500.jpg 768w, http:\/\/hanviet.com.vn\/wp-content\/uploads\/2023\/11\/RapASE-MINI-Z-DS-VN.jpg 1428w\" sizes=\"(max-width: 1024px) 100vw, 1024px\" \/><\/p>\n<p>&nbsp;<\/td>\n<\/tr>\n<tr>\n<td style=\"width: 50%;\"><img decoding=\"async\" class=\"wp-image-967 alignnone\" src=\"http:\/\/localhost\/demohanviet\/demo1\/wp-content\/uploads\/2023\/11\/RapASE-MINI-Z-DS-VN-duoi-1-300x300.jpg\" alt=\"\" width=\"240\" height=\"240\" srcset=\"http:\/\/hanviet.com.vn\/wp-content\/uploads\/2023\/11\/RapASE-MINI-Z-DS-VN-duoi-1-300x300.jpg 300w, http:\/\/hanviet.com.vn\/wp-content\/uploads\/2023\/11\/RapASE-MINI-Z-DS-VN-duoi-1-250x250.jpg 250w, http:\/\/hanviet.com.vn\/wp-content\/uploads\/2023\/11\/RapASE-MINI-Z-DS-VN-duoi-1-100x100.jpg 100w\" sizes=\"(max-width: 240px) 100vw, 240px\" \/> <img decoding=\"async\" class=\"alignnone wp-image-968\" src=\"http:\/\/localhost\/demohanviet\/demo1\/wp-content\/uploads\/2023\/11\/RapASE-MINI-Z-DS-VN-duoi-2-200x300.jpg\" alt=\"\" width=\"159\" height=\"240\" \/><\/p>\n<p><span style=\"color: #000000;\">H\u00ecnh tr\u00e1i: H\u1ec7 th\u1ed1ng MINI Z qu\u00e9t c\u00e1nh c\u1eeda xe ch\u1edf kh\u00e1ch<\/span><br \/>\n<span style=\"color: #000000;\">H\u00ecnh ph\u1ea3i: H\u00ecnh \u1ea3nh tia X c\u1ee7a \u0111\u1ed3 v\u1eadt \u0111\u01b0\u1ee3c che gi\u1ea5u<\/span><\/p>\n<p>&nbsp;<\/p>\n<p>&nbsp;<\/p>\n<p>&nbsp;<\/td>\n<td style=\"width: 50%;\"><span style=\"color: #000000;\">H\u1ec7 th\u1ed1ng MINI Z<sup>\u00ae<\/sup> l\u00e0 h\u1ec7 th\u1ed1ng h\u00ecnh \u1ea3nh t\u00e1n x\u1ea1 ng\u01b0\u1ee3c Z Backscatter<sup>\u00ae<\/sup> m\u1ea1nh m\u1ebd nh\u1ea5t th\u1ebf gi\u1edbi, l\u00e0m n\u1ed5i b\u1eadt c\u00e1c m\u1ed1i \u0111e d\u1ecda b\u1eb1ng ch\u1ea5t h\u1eefu c\u01a1 v\u00e0 h\u00e0ng l\u1eadu, \u0111\u1ed3ng th\u1eddi mang l\u1ea1i s\u1ef1 linh ho\u1ea1t trong ho\u1ea1t \u0111\u1ed9ng v\u01b0\u1ee3t tr\u1ed9i.<\/span><br \/>\n<span style=\"color: #000000;\">V\u1edbi thi\u1ebft k\u1ebf nh\u1ecf g\u1ecdn v\u00e0 kh\u1ea3 n\u0103ng ch\u1ee5p \u1ea3nh m\u1ed9t m\u1eb7t, h\u1ec7 th\u1ed1ng MINI Z c\u00f3 th\u1ec3 qu\u00e9t nhi\u1ec1u m\u1ee5c ti\u00eau, ch\u1eb3ng h\u1ea1n nh\u01b0 c\u1eeda xe v\u00e0 ch\u1eafn b\u00f9n; l\u1ed1p xe; \u0111\u1ed3 n\u1ed9i th\u1ea5t; g\u00f3i h\u00e0ng; v\u00e0 n\u1ed9i th\u1ea5t c\u1ee7a t\u00e0u thuy\u1ec1n, xe c\u1ed9 v\u00e0 m\u00e1y bay. H\u1ec7 th\u1ed1ng MINI Z ho\u00e0n to\u00e0n kh\u00e9p k\u00edn, kh\u00f4ng c\u1ea7n thi\u1ebft l\u1eadp v\u00e0 kh\u00f4ng c\u1ea7n b\u1ed5 sung v\u1eadt t\u01b0. Ch\u1ec9 c\u1ea7n b\u1eadt ngu\u1ed3n thi\u1ebft b\u1ecb v\u00e0 b\u1ea1n \u0111\u00e3 s\u1eb5n s\u00e0ng qu\u00e9t. H\u1ec7 th\u1ed1ng MINI Z v\u1ed1n c\u00f3 li\u1ec1u l\u01b0\u1ee3ng ph\u00f3ng x\u1ea1 th\u1ea5p v\u00e0 c\u00f3 c\u00e1c h\u1ec7 th\u1ed1ng ph\u1ee5 d\u1ef1 ph\u00f2ng an to\u00e0n v\u00e0 \u0111\u00e1ng tin c\u1eady.<\/span><br \/>\n<span style=\"color: #000000;\">B\u1ea3ng ph\u00e1t hi\u1ec7n t\u00f9y ch\u1ecdn n\u00e2ng cao cho h\u1ec7 th\u1ed1ng MINI Z cung c\u1ea5p cho ng\u01b0\u1eddi v\u1eadn h\u00e0nh kh\u1ea3 n\u0103ng ph\u00e1t hi\u1ec7n nhi\u1ec1u m\u1ed1i \u0111e d\u1ecda h\u01a1n b\u1eb1ng c\u00e1ch cung c\u1ea5p th\u00eam th\u00f4ng tin v\u1ec1 c\u00e1c \u0111\u1ed1i t\u01b0\u1ee3ng \u0111\u01b0\u1ee3c qu\u00e9t. S\u1eed d\u1ee5ng b\u1ea3ng ph\u00e1t hi\u1ec7n n\u00e2ng cao, ng\u01b0\u1eddi v\u1eadn h\u00e0nh c\u00f3 th\u1ec3 ch\u1ecdn \u0111\u1ec3 thu \u0111\u01b0\u1ee3c h\u00ecnh \u1ea3nh \u0111\u00e2m xuy\u00ean c\u1ee7a \u0111\u1ed1i t\u01b0\u1ee3ng \u0111\u1ec3 ph\u00e1t hi\u1ec7n c\u00e1c m\u1ed1i \u0111e d\u1ecda kim lo\u1ea1i, ch\u1eb3ng h\u1ea1n nh\u01b0 s\u00fang v\u00e0 dao. H\u00ecnh \u1ea3nh \u0111\u00e2m xuy\u00ean \u0111\u01b0\u1ee3c hi\u1ec3n th\u1ecb tr\u00ean m\u00e1y t\u00ednh b\u1ea3ng \u0111\u1ed3ng th\u1eddi v\u1edbi h\u00ecnh \u1ea3nh Z Backscatter<\/span><\/td>\n<\/tr>\n<\/tbody>\n<\/table>\n<p><span style=\"color: #0000ff;\"><a style=\"color: #0000ff;\" href=\"http:\/\/hanviet.com.vn\/wp-content\/uploads\/2024\/11\/Data-Sheet_MINI-Z_VN.pdf\">MINI_Z 120TV.PDF<\/a><\/span><\/p>\n","protected":false},"excerpt":{"rendered":"<ul>\n<li><span style=\"color: #000000;\">H\u1ec7 th\u1ed1ng ch\u1ee5p \u1ea3nh t\u00e1n x\u1ea1 ng\u01b0\u1ee3c di \u0111\u1ed9ng HANDHELD Z BACKSCATTER<\/span><\/li>\n<li><span style=\"color: #000000;\">D\u1ec5 s\u1eed d\u1ee5ng<\/span><\/li>\n<li><span style=\"color: #000000;\">An to\u00e0n cho ng\u01b0\u1eddi v\u1eadn h\u00e0nh, c\u00f4ng ch\u00fang v\u00e0 m\u00f4i tr\u01b0\u1eddng<\/span><\/li>\n<li><span style=\"color: #000000;\">Ngu\u1ed3n tia X: 10-watt 120 keV<\/span><\/li>\n<li><span style=\"color: #000000;\">K\u1ebft n\u1ed1i kh\u00f4ng d\u00e2y th\u00f4ng qua WiFi t\u00edch h\u1ee3p; d\u00e2y c\u1ee9ng t\u00f9y ch\u1ecdn qua c\u00e1p Ethernet<\/span><\/li>\n<\/ul>\n","protected":false},"featured_media":984,"template":"","meta":[],"product_cat":[53],"product_tag":[80,82,84,86],"class_list":{"0":"post-944","1":"product","2":"type-product","3":"status-publish","4":"has-post-thumbnail","6":"product_cat-may-soi-chieu-cam-tay-vi","7":"product_tag-backscatter-vi","8":"product_tag-mini-z-vi","9":"product_tag-scaner-vi","10":"product_tag-tan-xa-nguoc-vi","12":"first","13":"instock","14":"shipping-taxable","15":"product-type-simple"},"aioseo_notices":[],"_links":{"self":[{"href":"http:\/\/hanviet.com.vn\/index.php?rest_route=\/wp\/v2\/product\/944","targetHints":{"allow":["GET"]}}],"collection":[{"href":"http:\/\/hanviet.com.vn\/index.php?rest_route=\/wp\/v2\/product"}],"about":[{"href":"http:\/\/hanviet.com.vn\/index.php?rest_route=\/wp\/v2\/types\/product"}],"wp:featuredmedia":[{"embeddable":true,"href":"http:\/\/hanviet.com.vn\/index.php?rest_route=\/wp\/v2\/media\/984"}],"wp:attachment":[{"href":"http:\/\/hanviet.com.vn\/index.php?rest_route=%2Fwp%2Fv2%2Fmedia&parent=944"}],"wp:term":[{"taxonomy":"product_cat","embeddable":true,"href":"http:\/\/hanviet.com.vn\/index.php?rest_route=%2Fwp%2Fv2%2Fproduct_cat&post=944"},{"taxonomy":"product_tag","embeddable":true,"href":"http:\/\/hanviet.com.vn\/index.php?rest_route=%2Fwp%2Fv2%2Fproduct_tag&post=944"}],"curies":[{"name":"wp","href":"https:\/\/api.w.org\/{rel}","templated":true}]}}