{"id":1713,"date":"2023-12-05T11:41:58","date_gmt":"2023-12-05T04:41:58","guid":{"rendered":"http:\/\/localhost\/demohanviet\/demo1\/?post_type=product&#038;p=1713"},"modified":"2024-11-14T11:39:27","modified_gmt":"2024-11-14T04:39:27","slug":"may-soi-rapiscan-920ct","status":"publish","type":"product","link":"https:\/\/hanviet.com.vn\/?product=may-soi-rapiscan-920ct","title":{"rendered":"M\u00c1Y SOI RAPISCAN 920CT"},"content":{"rendered":"<table style=\"border-collapse: collapse; width: 100%;\">\n<tbody>\n<tr>\n<td style=\"width: 50%;\"><img decoding=\"async\" class=\"aligncenter wp-image-1706\" src=\"http:\/\/localhost\/demohanviet\/demo1\/wp-content\/uploads\/2023\/12\/ECAC-C2.png\" alt=\"\" width=\"381\" height=\"235\" srcset=\"https:\/\/hanviet.com.vn\/wp-content\/uploads\/2023\/12\/ECAC-C2.png 763w, https:\/\/hanviet.com.vn\/wp-content\/uploads\/2023\/12\/ECAC-C2-500x309.png 500w\" sizes=\"(max-width: 381px) 100vw, 381px\" \/><\/td>\n<td style=\"width: 50%;\"><img decoding=\"async\" class=\"aligncenter wp-image-1707\" src=\"http:\/\/localhost\/demohanviet\/demo1\/wp-content\/uploads\/2023\/12\/ECAC-C3.png\" alt=\"\" width=\"381\" height=\"234\" srcset=\"https:\/\/hanviet.com.vn\/wp-content\/uploads\/2023\/12\/ECAC-C3.png 754w, https:\/\/hanviet.com.vn\/wp-content\/uploads\/2023\/12\/ECAC-C3-500x307.png 500w\" sizes=\"(max-width: 381px) 100vw, 381px\" \/><\/td>\n<\/tr>\n<\/tbody>\n<\/table>\n<p>&nbsp;<\/p>\n<table style=\"border-collapse: collapse; width: 100%;\">\n<tbody>\n<tr>\n<td style=\"width: 50%;\"><strong><span style=\"color: #0000ff;\">\u0110\u1ed8 PH\u00c2N GI\u1ea2I H\u00ccNH \u1ea2NH 3D \u0110\u1ea6Y \u0110\u1ee6 <\/span><\/strong><br \/>\n920CT cho ph\u00e9p ki\u1ec3m tra \u1edf m\u1ee9c \u0111\u1ed9 ph\u00e2n gi\u1ea3i cao nh\u1ea5t tr\u00ean m\u00e0n h\u00ecnh<br \/>\n(OSIR) \u0111\u1ec3 ph\u00e2n t\u00edch h\u00ecnh \u1ea3nh c\u1ee7a c\u1ea3nh b\u00e1o t\u1ef1 \u0111\u1ed9ng c\u0169ng nh\u01b0 c\u00e1c m\u1ee5c<br \/>\nb\u1ecb c\u1ea5m kh\u00e1c.<\/td>\n<td style=\"width: 50%;\"><strong><span style=\"color: #0000ff;\">T\u00cdCH H\u1ee2P \u0110\u1ea6Y \u0110\u1ee6<\/span><\/strong><br \/>\nT\u00edch h\u1ee3p v\u1edbi c\u00e1c h\u1ec7 th\u1ed1ng x\u1eed l\u00fd h\u00e0nh l\u00fd v\u00e0 tr\u1ea3 l\u1ea1i khay t\u1ef1 \u0111\u1ed9ng h\u00e0ng<br \/>\n\u0111\u1ea7u bao g\u1ed3m H\u1ec7 th\u1ed1ng Rapiscan\u00ae TRS\u2122.<\/td>\n<\/tr>\n<tr>\n<td style=\"width: 50%;\"><strong><span style=\"color: #0000ff;\">C\u1ea2NH B\u00c1O M\u1ed0I \u0110E D\u1eccA M\u1eacT \u0110\u1ed8<\/span><\/strong><br \/>\nC\u1ea3nh b\u00e1o cho ng\u01b0\u1eddi v\u1eadn h\u00e0nh khi ph\u00e1t hi\u1ec7n c\u00e1c v\u1eadt th\u1ec3 c\u00f3 m\u1eadt \u0111\u1ed9 cao<br \/>\n\u0111\u1ec3 x\u00e1c \u0111\u1ecbnh c\u00e1c m\u1ee5c m\u00e0 ng\u01b0\u1eddi v\u1eadn h\u00e0nh c\u00f3 th\u1ec3 b\u1ecf s\u00f3t<\/td>\n<td style=\"width: 50%;\"><strong><span style=\"color: #0000ff;\">M\u00c1Y TR\u1ea0M M\u00c0N H\u00ccNH C\u1ea2M \u1ee8NG <\/span><\/strong><br \/>\nD\u1ec5 s\u1eed d\u1ee5ng, t\u1ed1c \u0111\u1ed9 cao v\u00e0 t\u1eadp trung v\u00e0o b\u1ea3o m\u1eadt.<\/td>\n<\/tr>\n<tr>\n<td style=\"width: 50%;\"><strong><span style=\"color: #0000ff;\">C\u00d4NG NGH\u1ec6 N\u0102NG L\u01af\u1ee2NG K\u00c9P<\/span><\/strong><br \/>\nCung c\u1ea5p kh\u1ea3 n\u0103ng ph\u00e1t hi\u1ec7n ch\u1ea5t n\u1ed5 t\u1ef1 \u0111\u1ed9ng v\u01b0\u1ee3t tr\u1ed9i.<\/td>\n<td style=\"width: 50%;\"><strong><span style=\"color: #0000ff;\">V\u1eca TR\u00cd L\u1eaeP \u0110\u1eb6T NH\u1ece G\u1eccN, THI\u1ebeT K\u1ebe TH\u1ea8M M\u1ef8<\/span><\/strong><br \/>\nT\u1ea1o m\u00f4i tr\u01b0\u1eddng s\u00e2n bay l\u00e0m h\u00e0i l\u00f2ng h\u00e0nh kh\u00e1ch.<\/td>\n<\/tr>\n<tr>\n<td style=\"width: 50%;\"><strong><span style=\"color: #0000ff;\">H\u00ccNH \u1ea2NH M\u1ed0I \u0110E D\u1eccA 3D (TIP) <\/span><\/strong><br \/>\nD\u1ef1a tr\u00ean c\u00e1c y\u00eau c\u1ea7u quy \u0111\u1ecbnh m\u1edbi nh\u1ea5t.<\/td>\n<td style=\"width: 50%;\"><\/td>\n<\/tr>\n<\/tbody>\n<\/table>\n<p><span style=\"color: #0000ff;\"><a style=\"color: #0000ff;\" href=\"http:\/\/hanviet.com.vn\/wp-content\/uploads\/2023\/12\/920CT-DS-VN.pdf\">920CT DS VN.PDF<\/a><\/span><\/p>\n","protected":false},"excerpt":{"rendered":"<h4 style=\"text-align: left;\"><span style=\"color: #000000;\">Rapiscan\u00ae 920CT l\u00e0 h\u1ec7 th\u1ed1ng s\u00e0ng l\u1ecdc t\u1ea1i \u0111i\u1ec3m ki\u1ec3m tra d\u00e0nh cho h\u00e0nh l\u00fd x\u00e1ch tay h\u00e0ng kh\u00f4ng. Cung c\u1ea5p h\u00ecnh \u1ea3nh 3D \u0111\u1ea7y \u0111\u1ee7 c\u00f3 \u0111\u1ed9 ph\u00e2n gi\u1ea3i cao nh\u1ea5t cho ph\u00e9p ng\u01b0\u1eddi v\u1eadn h\u00e0nh ki\u1ec3m tra v\u00e0 ph\u00e2n gi\u1ea3i tr\u00ean m\u00e0n h\u00ecnh (OSIR) \u1edf m\u1ee9c \u0111\u1ed9 cao nh\u1ea5t, gi\u1ea3m nhu c\u1ea7u t\u00ecm ki\u1ebfm th\u1ee7 c\u00f4ng c\u00e1c t\u00fai \u0111ang m\u1edf.<\/span><\/h4>\n<ul>\n<li><span style=\"color: #000000;\">\u0110\u1ed8 PH\u00c2N GI\u1ea2I H\u00ccNH \u1ea2NH 3D \u0110\u1ea6Y \u0110\u1ee6<\/span><\/li>\n<li><span style=\"color: #000000;\">C\u00d4NG NGH\u1ec6 CT KH\u1edaP N\u1ed0I &amp; KH\u00d4NG \u1ed4 \u0110\u1ee0 TR\u1ee4C <\/span><\/li>\n<li><span style=\"color: #000000;\">C\u00d4NG NGH\u1ec6 T\u01af\u01a0NG LAI<\/span><\/li>\n<li><span style=\"color: #000000;\">T\u00cdCH H\u1ee2P \u0110\u1ea6Y \u0110\u1ee6<\/span><\/li>\n<li><span style=\"color: #000000;\">\u0110\u01af\u1ee2C PH\u00ca DUY\u1ec6T ECAC<\/span><\/li>\n<\/ul>\n","protected":false},"featured_media":1708,"template":"","meta":[],"product_cat":[18],"product_tag":[33,419,32,30],"class_list":{"0":"post-1713","1":"product","2":"type-product","3":"status-publish","4":"has-post-thumbnail","6":"product_cat-may-soi-hanh-ly","7":"product_tag-33","8":"product_tag-920ct-vi","9":"product_tag-may-soi","10":"product_tag-new","12":"first","13":"instock","14":"shipping-taxable","15":"product-type-simple"},"aioseo_notices":[],"_links":{"self":[{"href":"https:\/\/hanviet.com.vn\/index.php?rest_route=\/wp\/v2\/product\/1713","targetHints":{"allow":["GET"]}}],"collection":[{"href":"https:\/\/hanviet.com.vn\/index.php?rest_route=\/wp\/v2\/product"}],"about":[{"href":"https:\/\/hanviet.com.vn\/index.php?rest_route=\/wp\/v2\/types\/product"}],"wp:featuredmedia":[{"embeddable":true,"href":"https:\/\/hanviet.com.vn\/index.php?rest_route=\/wp\/v2\/media\/1708"}],"wp:attachment":[{"href":"https:\/\/hanviet.com.vn\/index.php?rest_route=%2Fwp%2Fv2%2Fmedia&parent=1713"}],"wp:term":[{"taxonomy":"product_cat","embeddable":true,"href":"https:\/\/hanviet.com.vn\/index.php?rest_route=%2Fwp%2Fv2%2Fproduct_cat&post=1713"},{"taxonomy":"product_tag","embeddable":true,"href":"https:\/\/hanviet.com.vn\/index.php?rest_route=%2Fwp%2Fv2%2Fproduct_tag&post=1713"}],"curies":[{"name":"wp","href":"https:\/\/api.w.org\/{rel}","templated":true}]}}